5
In base 2, what is -11 + -111?
-1010
In base 12, what is 4 + 49?
51
In base 15, what is 11 + 35?
46
In base 15, what is -4c5 - 5?
-4ca
In base 4, what is 3 + 1002?
1011
In base 16, what is -5 - -4?
-1
In base 8, what is 6 + 4200?
4206
In base 6, what is -202 - 251?
-453
In base 4, what is 3331 - -10?
10001
In base 3, what is -1020 + -1002?
-2022
In base 5, what is 2 + -1123?
-1121
In base 5, what is -1444 + 4?
-1440
In base 6, what is 413 + -4?
405
In base 3, what is 200 + -221200?
-221000
In base 14, what is 6 + c?
14
In base 7, what is 1666 + -3?
1663
In base 6, what is -33 + -15?
-52
In base 13, what is -4 + -273?
-277
In base 12, what is 162 - -6?
168
In base 10, what is -1 - -783?
782
In base 14, what is -4 - -a1a?
a16
In base 8, what is -243 + 12?
-231
In base 8, what is -752 + 50?
-702
In base 2, what is -10110110111 + -10?
-10110111001
In base 8, what is -3 - 4?
-7
In base 13, what is 154 - -5?
159
In base 2, what is -100111 - 101?
-101100
In base 4, what is -3 + 320?
311
In base 14, what is 1 + -3?
-2
In base 14, what is 2a + -2?
28
In base 5, what is -14 + 2?
-12
In base 6, what is 1024 - -14?
1042
In base 3, what is -11 - -10110?
10022
In base 12, what is -2b7b + 3?
-2b78
In base 11, what is 12 - 88?
-76
In base 10, what is -358 + 3?
-355
In base 4, what is 202 - 0?
202
In base 9, what is -735 - -2?
-733
In base 6, what is 5 + 45?
54
In base 7, what is 31 - 1055?
-1024
In base 6, what is -253 + -33?
-330
In base 7, what is 33251 + 3?
33254
In base 3, what is -121 + -1121022?
-1121220
In base 13, what is 0 - 46?
-46
In base 15, what is 3 + 514?
517
In base 14, what is 3 - -1a?
1d
In base 10, what is 13 + -1?
12
In base 3, what is -11 + -22001?
-22012
In base 15, what is 116 - 7?
10e
In base 5, what is 103103 + 0?
103103
In base 12, what is 0 - -36?
36
In base 8, what is 7422 + -2?
7420
In base 13, what is -3a + -64?
-a1
In base 8, what is 14 + 10?
24
In base 12, what is -14 + -34?
-48
In base 14, what is 0 - 26?
-26
In base 3, what is 1101210 - 10?
1101200
In base 15, what is 68 - 2?
66
In base 2, what is 0 + 100100110?
100100110
In base 4, what is 310 + -30?
220
In base 14, what is 7 + -25?
-1c
In base 16, what is -38d + 2?
-38b
In base 12, what is -10 + 5?
-7
In base 2, what is -11100001011000 - 101?
-11100001011101
In base 13, what is 2 - -15a?
15c
In base 6, what is -41412 + 0?
-41412
In base 5, what is -11432 - 0?
-11432
In base 2, what is -1 - -1101000?
1100111
In base 7, what is -125 + -4?
-132
In base 6, what is -55 + -1?
-100
In base 5, what is 4 + -12?
-3
In base 14, what is 1a0 - -2?
1a2
In base 8, what is -3 - 7023?
-7026
In base 3, what is 12112 + 11?
12200
In base 9, what is 3043 + -4?
3038
In base 12, what is -8 - 58b?
-597
In base 4, what is 212 + 101?
313
In base 3, what is -11 - -1221?
1210
In base 15, what is 1 + 207b?
207c
In base 2, what is 11011011 + 1101?
11101000
In base 7, what is -161 + 0?
-161
In base 9, what is 3 + 857?
861
In base 10, what is -9 + 667?
658
In base 13, what is 4 - 4?
0
In base 9, what is 0 + -301?
-301
In base 2, what is 101110 + 10101?
1000011
In base 13, what is 5 - -6b2?
6b7
In base 14, what is -6601 + -5?
-6606
In base 11, what is -38 + -209?
-246
In base 2, what is 11101011110 + 0?
11101011110
In base 10, what is -3 + -2285?
-2288
In base 11, what is 1 + 143?
144
In base 12, what is -8 + -138?
-144
In base 8, what is 26 + -52?
-24
In base 7, what is -16 - 122?
-141
In base 13, what is 3 - -48?
4b
In base 8, what is 66 + 3?
71
In base 11, what is -2 - -509?
507
In base 12, what is 41 + 7?
48
In base 3, what is 2012 + 1212?
11001
In base 2, what is -1010 - 1001000110?
-1001010000
In base 5, what is 20 + 120?
140
In base 5, what is -101 + -41?
-142
In base 8, what is 1144 - -5?
1151
In base 4, what is 0 + 12001?
12001
In base 7, what is 40 - 1?
36
In base 10, what is -1446 + 2?
-1444
In base 11, what is 149 - 67?
92
In base 11, what is 0 + -1347?
-1347
In base 2, what is 100 + -110001?
-101101
In base 15, what is -30 - -1?
-2e
In base 2, what is 1001 - -1110101001?
1110110010
In base 12, what is 2b00 - 1?
2abb
In base 8, what is 6 + 51?
57
In base 10, what is -4 - 476?
-480
In base 3, what is 11 + -1101?
-1020
In base 13, what is a45 - -3?
a48
In base 10, what is 600 - -1?
601
In base 2, what is 100 + 11100?
100000
In base 5, what is 4404 + 10?
4414
In base 12, what is -20a - 3?
-211
In base 13, what is 1 - -297?
298
In base 12, what is -1136 + 4?
-1132
In base 14, what is 5 - 24?
-1d
In base 9, what is 3 - -153?
156
In base 4, what is -10 + 32313?
32303
In base 2, what is 110 + 10111?
11101
In base 8, what is -1 - 1662?
-1663
In base 13, what is 5 - -146?
14b
In base 11, what is -559 + 1?
-558
In base 13, what is -1 + -11a8?
-11a9
In base 12, what is -4 + 2064?
2060
In base 5, what is -10 + -11033?
-11043
In base 15, what is 1e - 4?
1a
In base 6, what is -21 - -252?
231
In base 11, what is -2 + 1?
-1
In base 10, what is 1528 - -3?
1531
In base 4, what is 3 + -220200?
-220131
In base 3, what is -12 - -2000?
1211
In base 9, what is 0 - -16?
16
In base 12, what is 3 + -9a4?
-9a1
In base 10, what is 324 - 2?
322
In base 10, what is 386 - -8?
394
In base 8, what is 0 - -53?
53
In base 15, what is b4 - 1?
b3
In base 4, what is -213 + 10?
-203
In base 16, what is 42 + 2?
44
In base 14, what is -1 + -823?
-824
In base 4, what is -11303 - -101?
-11202
In base 10, what is 3 + -429?
-426
In base 7, what is 3 + -20323?
-20320
In base 14, what is -7 + -6?
-d
In base 4, what is -12 - 20?
-32
In base 16, what is f + -22?
-13
In base 5, what is -1431 + -310?
-2241
In base 6, what is -11 - 11?
-22
In base 10, what is -5 + -182?
-187
In base 2, what is -10100111100 + 1100?
-10100110000
In base 2, what is -100001111110100 + -101?
-100001111111001
In base 6, what is -134 - 40?
-214
In base 10, what is -1 + 6?
5
In base 6, what is -114 - 123?
-241
In base 16, what is -1 - -768?
767
In base 14, what is 4554 - -3?
4557
In base 3, what is 2011122 - 2?
2011120
In base 4, what is -32 - -2023?
1331
In base 4, what is -12 - -2230?
2212
In base 9, what is 1 + -1087?
-1086
In base 5, what is -3 + 204?
201
In base 5, what is 204 - -1?
210
In base 5, what is 0 + 3312?
3312
In base 3, what is 2 - -1000?
1002
In base 8, what is 77346 - -5?
77353
In base 14, what is -3 - -11?
c
In base 5, what is 0 + 221?
221
In base 15, what is -8b - 3?
-8e
In base 5, what is -4 - -1004?
1000
In base 10, what is -6 - 9?
-15
In base 2, what is 10 - -110000011101?
110000011111
In base 7, what is 111 + 515?
626
In base 6, what is 5 - -111?
120
In base 5, what is -213 - -1423?
1210
In base 16, what is -153 - 1?
-154
In base 5, what is 20132 - 2?
20130
In base 9, what is 5 + 20?
25
In base 16, what is -1d8 + -4?
-1dc
In base 9, what is 28 + 14?
43
In base 5, what is -220404 + 4?
-220400
In base 11, what is 10a + -190?
-81
In base 10, what is -4 + 181?
177
In base 16, what is 1f33 - 5?
1f2e
In base 9, what is -30 + -42?
-72
In base 8, what is -5 + -132?
-137
In base 11, what is 23a - 5?
235
In base 6, what is -53 - -33?
-20
In base 9, what is 30 - -42?
72
In base 2, what is -10010000001 + 1?
-10010000000
In base 2, what is -111101011 - 100?
-111101111
In base 16, what is f8 - 2?
f6
In base 9, what is -4 - -122?
117
In base 9, what is -14 + 184?
170
In base 2, what is 10101000111 + -1?
10101000110
In base 5, what is -2 - 11?
-13
In base 7, what is -26 + 501?
442
In base 9, what is 1 - 450?
-448
In base 15, what is 0 + b3?
b3
In base 8, what is 5 - -6?
13
In base 7, what is 13340 - -2?
13342
In base 7, what is 0 - 50?
-50
In base 12, what is 12 - -1?
13
In base 8, what is -450 - 12?
-462
In base 16, what is 5 - -40d?
412
In base 13, what is 2 - -6ba?
6bc
In base 11, what is 281 + -31?
250
In base 12, what is -30 - 3?
-33
In base 8, what is -16 - -66?
50
In base 15, what is 1 + 114?
115
In base 5, what is -13 + 32?
14
In base 3, what is -2221 + 1212?
-1002
In base 11, what is 9 - -6?
14
In base 5, what is -1 - -242?
241
In base 2, what is -11110 + -10111110?
-11011100
In base 8, what is 432 + 3?
435
In base 3, what is -1 + 222?
221
In base 7, what is -1 - 13264?
-13265
In base 7, what is 1544 + 2?
1546
In base 8, what is 2563 + -3?
2560
In base 7, what is -425 + 0?
-425
In base 15, what is -10 + 17?
7
In base 6, what is 15110 + 1?
15111
I